e 16, what is -1 - 19c?
-19d
In base 7, what is -1 + 1346?
1345
In base 3, what is -110212 + 11?
-110201
In base 3, what is 21222 + 1?
22000
In base 10, what is -11078 - 3?
-11081
In base 6, what is -1404 + 3?
-1401
In base 8, what is -2244 - -3?
-2241
In base 15, what is -bc - -1?
-bb
In base 12, what is -15497 - -5?
-15492
In base 12, what is -2 + -29?
-2b
In base 4, what is 11 + 31003?
31020
In base 3, what is 1110002 - -22?
1110101
In base 16, what is a - 6b7?
-6ad
In base 8, what is 1 - 310?
-307
In base 5, what is -24341 + 2?
-24334
In base 12, what is 1 - -b?
10
In base 11, what is a9 - -19?
117
In base 3, what is -20100 - -222?
-12101
In base 5, what is -214 - -1440?
1221
In base 13, what is a0 - a9?
-9
In base 6, what is 150 + -2310?
-2120
In base 14, what is 429c + -1?
429b
In base 8, what is 3033 - 11?
3022
In base 4, what is -2 - -3213?
3211
In base 16, what is -2aa - a?
-2b4
In base 9, what is 231 - -5?
236
In base 16, what is 5 - 36?
-31
In base 7, what is 3 - -3016?
3022
In base 7, what is -13 - 423?
-436
In base 6, what is -11 - 21?
-32
In base 11, what is -283 - 4?
-287
In base 15, what is 125d - -3?
1261
In base 12, what is 379 - 1?
378
In base 10, what is -5 + -752?
-757
In base 7, what is -10 - 6631?
-6641
In base 13, what is -2 + 7a?
78
In base 9, what is -25 - -483?
457
In base 10, what is -13 + -86?
-99
In base 11, what is 2 + -625?
-623
In base 13, what is 25 + 76?
9b
In base 12, what is -4 - 152?
-156
In base 10, what is -49 - 6?
-55
In base 8, what is -4 - 26?
-32
In base 3, what is -110210011 - 11?
-110210022
In base 13, what is -1a + -1?
-1b
In base 10, what is 1580 - 5?
1575
In base 13, what is b - 30?
-22
In base 12, what is 17 + -4?
13
In base 16, what is -48 + -42?
-8a
In base 5, what is 24001 + 11?
24012
In base 3, what is -21 - -21202?
21111
In base 13, what is -1 + -803?
-804
In base 12, what is 0 - -294?
294
In base 12, what is 14 + 398?
3b0
In base 3, what is 0 + -1001212?
-1001212
In base 6, what is -124445 + 1?
-124444
In base 7, what is 6 + 13?
22
In base 4, what is -10012 - -11?
-10001
In base 12, what is -274 - -3?
-271
In base 7, what is 4 - 3?
1
In base 11, what is -99 + -12?
-100
In base 14, what is -4 + 142?
13c
In base 12, what is -4 + -15?
-19
In base 4, what is -1 - 13123?
-13130
In base 8, what is 10 + -2701?
-2671
In base 6, what is -3155 - 14?
-3213
In base 5, what is 1 + 1021?
1022
In base 7, what is -3 - -15?
12
In base 7, what is 41 - -1?
42
In base 15, what is 1e7 - -3?
1ea
In base 2, what is -11 + -1011?
-1110
In base 12, what is 2949 + 2?
294b
In base 9, what is 463 + 12?
475
In base 13, what is 5 + -44?
-3c
In base 8, what is 4 - 20?
-14
In base 6, what is 10315 + 2?
10321
In base 8, what is 56 + 654?
732
In base 2, what is 10000010 - 10000?
1110010
In base 3, what is -11 + -10211001?
-10211012
In base 13, what is 41 + -2?
3c
In base 10, what is -17 - 3?
-20
In base 7, what is -2 + -100?
-102
In base 2, what is -11111000000 + -1?
-11111000001
In base 13, what is -31 + -8?
-39
In base 13, what is 3 - -133?
136
In base 12, what is 3 + -8?
-5
In base 16, what is -9 - -88?
7f
In base 4, what is 10 - 2222?
-2212
In base 9, what is 880 - -1?
881
In base 3, what is 2120021 + 12?
2120110
In base 15, what is -e3 + 13?
-d0
In base 13, what is 126 + 4?
12a
In base 6, what is -3 - -104?
101
In base 16, what is ef - 2?
ed
In base 2, what is 10 - 1100101111101?
-1100101111011
In base 12, what is 482a - 5?
4825
In base 7, what is -24132 + 3?
-24126
In base 10, what is 58 + -4?
54
In base 7, what is -1 - 100?
-101
In base 15, what is 2 + 13b0?
13b2
In base 11, what is -70 + -2?
-72
In base 5, what is 103 + -24?
24
In base 8, what is -5 + -375?
-402
In base 8, what is -1 + 47?
46
In base 14, what is 5a - 2?
58
In base 7, what is -1016 - 15?
-1034
In base 5, what is 0 + -302?
-302
In base 15, what is 1c - -4?
21
In base 10, what is 8544 - -5?
8549
In base 3, what is -2000 - 1222?
-10222
In base 5, what is 11 + -322?
-311
In base 5, what is 1130 - 110?
1020
In base 10, what is 2 + 286?
288
In base 16, what is -38 + -3b?
-73
In base 9, what is 5 + -453?
-447
In base 2, what is 101111 + 100101?
1010100
In base 12, what is 556 - 0?
556
In base 12, what is -18065 + 0?
-18065
In base 9, what is -14 + -373?
-387
In base 5, what is 0 + 121?
121
In base 9, what is -70 + -7?
-77
In base 2, what is -1110 + 10111011?
10101101
In base 13, what is 2 - -a?
c
In base 9, what is -3 + -15?
-18
In base 2, what is 1000010 + 1100?
1001110
In base 5, what is -10213 - 12?
-10230
In base 10, what is -1 - 228?
-229
In base 13, what is 5 - 72?
-6a
In base 5, what is 3 - 1143?
-1140
In base 8, what is 5 + 111?
116
In base 7, what is 6513 + 3?
6516
In base 9, what is -6 + -230?
-236
In base 6, what is 4 - -23?
31
In base 6, what is 0 - 40250?
-40250
In base 10, what is -9 - -1007?
998
In base 13, what is -11c2 + 4?
-11bb
In base 2, what is -11 - -100100?
100001
In base 4, what is -130222 - -1?
-130221
In base 15, what is -16b + -5?
-171
In base 15, what is 254 + -3?
251
In base 4, what is 0 + -1102?
-1102
In base 14, what is 17b + -17?
164
In base 6, what is 3 - 1331?
-1324
In base 13, what is -1 - 745?
-746
In base 16, what is -4 + -4cb?
-4cf
In base 4, what is -3 - 11232?
-11301
In base 15, what is -1161 - 5?
-1166
In base 2, what is -10 - -11000101?
11000011
In base 2, what is 10 - -1100001?
1100011
In base 10, what is 586 + 5?
591
In base 3, what is -1000 + -122?
-1122
In base 4, what is -123003 - 0?
-123003
In base 2, what is 10100110110 + 10?
10100111000
In base 13, what is 214 + -5?
20c
In base 8, what is -2625 + -6?
-2633
In base 5, what is -2 + 21?
14
In base 10, what is 33 + 39?
72
In base 3, what is 10202 + -110?
10022
In base 16, what is 3 - 2f?
-2c
In base 8, what is 2 - -2312?
2314
In base 7, what is -2 - 564?
-566
In base 6, what is -515 - 1?
-520
In base 3, what is 12201101 + 1?
12201102
In base 11, what is -12a + -5?
-134
In base 3, what is -1 + 11022?
11021
In base 4, what is -1320 + -1030?
-3010
In base 6, what is -5 - 441?
-450
In base 14, what is 80 + -5?
79
In base 7, what is 31 + -134?
-103
In base 8, what is -136 + -37?
-175
In base 9, what is -467 + 2?
-465
In base 13, what is -31b - 4?
-322
In base 16, what is 1c + 1a?
36
In base 5, what is 240010 + 0?
240010
In base 9, what is -28 + 2?
-26
In base 8, what is 14 + 245?
261
In base 14, what is -5 + d?
8
In base 13, what is 4b + -c?
3c
In base 10, what is -25 - 17?
-42
In base 15, what is -1b5 + -2?
-1b7
In base 14, what is -183 - 5?
-188
In base 5, what is 1 - 100?
-44
In base 6, what is -230 - -11?
-215
In base 16, what is 12 - 0?
12
In base 14, what is 0 - -24a?
24a
In base 3, what is -2 + -202012?
-202021
In base 16, what is 1990 - 5?
198b
In base 5, what is -12 - 100?
-112
In base 14, what is 5 - 53?
-4c
In base 11, what is 3 - -935?
938
In base 7, what is 1 + 6236?
6240
In base 13, what is -3 + -1ba5?
-1ba8
In base 4, what is 0 + 100321?
100321
In base 2, what is -100011100100 - -1?
-100011100011
In base 12, what is -1b + -40?
-5b
In base 4, what is 31210323 - -2?
31210331
In base 7, what is 1150 + -12?
1135
In base 14, what is -a + -a?
-16
In base 4, what is 1 + 13301?
13302
In base 7, what is -126 + 2?
-124
In base 2, what is -11 - 101000011101?
-101000100000
In base 2, what is 100 + -1000111?
-1000011
In base 6, what is -220 - 41?
-301
In base 6, what is -2030 - -12?
-2014
In base 6, what is -1542 - -4?
-1534
In base 3, what is 10011210 - 0?
10011210
In base 12, what is -4 - 1b4?
-1b8
In base 9, what is 1208 - -2?
1211
In base 8, what is 12 + 343?
355
In base 4, what is -331033 - 10?
-331103
In base 4, what is 133 + -100?
33
In base 5, what is 4 - 11422?
-11413
In base 2, what is 10101011001101 - 10?
10101011001011
In base 2, what is 1000011 - -110?
1001001
In base 9, what is 4 + -470?
-465
In base 4, what is 1013012 - 20?
1012332
In base 11, what is 0 - -861?
861
In base 9, what is -255 - 5?
-261
In base 6, what is -331 + 4?
-323
In base 15, what is -9 + -53b?
-545
In base 8, what is -35 - 16?
-53
In base 15, what is 67 + -3?
64
In base 13, what is 56 - 1c?
37
In base 6, what is 10 - 32220?
-32210
In base 11, what is -4 - -299?
295
In base 14, what is -d + 1?
-c
In base 9, what is -2 + -712?
-714
In base 12, what is -50 + -2?
-52
In base 13, 